r of 13820 and 580.
20
Calculate the greatest common divisor of 2430 and 21735.
135
Calculate the greatest common factor of 1099284 and 2424.
1212
Calculate the highest common factor of 1441041 and 147.
147
What is the greatest common divisor of 18 and 255222?
18
Calculate the highest common factor of 3354 and 602.
86
What is the highest common factor of 405 and 13005?
45
What is the greatest common factor of 475 and 551?
19
Calculate the highest common factor of 29318 and 1918.
274
What is the highest common factor of 24038 and 5252?
202
What is the highest common factor of 137674 and 152?
38
What is the highest common divisor of 33165 and 792?
99
What is the greatest common divisor of 21125 and 16625?
125
Calculate the highest common divisor of 1264986 and 1302.
186
Calculate the greatest common divisor of 9680 and 1375.
55
What is the highest common divisor of 3735 and 2355?
15
Calculate the highest common divisor of 272 and 11288.
136
What is the highest common factor of 3445 and 79765?
265
Calculate the highest common divisor of 6609520 and 80.
80
Calculate the highest common factor of 14 and 3318.
14
Calculate the highest common divisor of 2154 and 22976.
718
What is the highest common divisor of 165 and 12489?
3
Calculate the greatest common divisor of 9517 and 713.
31
What is the highest common divisor of 36 and 42087?
3
Calculate the greatest common factor of 1700 and 28800.
100
What is the highest common factor of 346032 and 890?
178
What is the greatest common divisor of 13315 and 35?
5
What is the highest common factor of 125 and 760?
5
Calculate the greatest common divisor of 7852 and 244.
4
What is the greatest common divisor of 108330 and 414?
138
What is the highest common divisor of 224 and 187138?
14
What is the greatest common factor of 30225 and 193635?
195
What is the highest common factor of 45683 and 22?
11
What is the greatest common factor of 6 and 42286?
2
What is the highest common factor of 7786 and 918?
34
Calculate the greatest common divisor of 2980 and 640.
20
Calculate the highest common factor of 114 and 335331.
57
What is the highest common divisor of 120 and 8304?
24
Calculate the highest common factor of 6272 and 1120.
224
Calculate the greatest common factor of 3295 and 165.
5
What is the greatest common factor of 16 and 26900?
4
Calculate the greatest common factor of 100 and 56280.
20
What is the greatest common factor of 383367 and 204?
51
What is the highest common factor of 12354 and 2769?
213
Calculate the greatest common divisor of 4661 and 14219.
59
Calculate the highest common factor of 14123 and 974.
487
Calculate the highest common factor of 412100 and 50.
50
Calculate the greatest common factor of 3515 and 1018055.
185
Calculate the greatest common factor of 15089 and 869.
79
Calculate the greatest common factor of 42 and 650853.
21
Calculate the greatest common factor of 95 and 15580.
95
Calculate the highest common factor of 737 and 1350921.
737
What is the greatest common divisor of 1150352 and 1456?
112
What is the highest common divisor of 151300 and 2550?
850
What is the highest common factor of 348 and 194793?
87
What is the greatest common divisor of 202 and 894961?
101
What is the highest common divisor of 14 and 30093?
7
Calculate the greatest common divisor of 35 and 47845.
35
Calculate the highest common factor of 172 and 80.
4
Calculate the highest common factor of 536 and 2239408.
536
What is the greatest common divisor of 117 and 156533?
13
What is the highest common factor of 27523 and 221?
17
Calculate the greatest common factor of 12264785 and 1235.
1235
What is the highest common factor of 72 and 14582?
2
What is the greatest common divisor of 1088 and 3434?
34
What is the highest common divisor of 6951 and 49?
7
Calculate the highest common factor of 13135 and 3550.
355
What is the highest common divisor of 185771 and 3152?
197
Calculate the highest common divisor of 32 and 4729.
1
Calculate the highest common factor of 220723 and 1387.
19
Calculate the highest common factor of 15111 and 54.
9
Calculate the greatest common factor of 276582 and 186.
186
What is the highest common divisor of 412296 and 2952?
984
Calculate the greatest common divisor of 82 and 4426.
2
What is the greatest common factor of 16 and 3770768?
16
What is the greatest common factor of 1110 and 108?
6
Calculate the greatest common factor of 2480 and 4805.
155
Calculate the highest common factor of 80 and 41860.
20
Calculate the greatest common factor of 72333 and 6768.
423
What is the greatest common divisor of 13571 and 6951?
331
What is the greatest common divisor of 104 and 86164?
52
What is the highest common factor of 481 and 185081?
13
What is the greatest common divisor of 1591 and 162134?
37
What is the greatest common divisor of 232 and 3896?
8
Calculate the highest common divisor of 248962 and 28.
14
Calculate the greatest common factor of 177192 and 2691.
207
What is the highest common factor of 115300 and 7?
1
Calculate the highest common divisor of 215226 and 138.
6
Calculate the greatest common factor of 87759 and 441.
441
What is the highest common factor of 1533 and 1313270?
511
Calculate the greatest common divisor of 138 and 654.
6
Calculate the greatest common factor of 42 and 2479596.
42
What is the greatest common divisor of 2880020 and 440?
220
Calculate the highest common factor of 931455 and 81.
9
What is the highest common divisor of 190 and 3173?
19
Calculate the highest common factor of 252 and 60612.
12
Calculate the highest common factor of 51990 and 1280.
10
What is the greatest common divisor of 45350 and 4150?
50
What is the greatest common factor of 1109348 and 7408?
1852
Calculate the greatest common divisor of 48660 and 480.
60
Calculate the greatest common factor of 25584 and 1950.
78
What is the highest common divisor of 5608390 and 410?
410
What is the highest common factor of 8938 and 26378?
218
Calculate the greatest common divisor of 54040 and 39758.
386
What is the greatest common factor of 139 and 3753?
139
Calculate the highest common factor of 469378 and 637.
91
What is the highest common divisor of 11310 and 330629?
377
Calculate the highest common divisor of 146756 and 152.
76
Calculate the greatest common divisor of 667 and 25093.
23
Calculate the greatest common factor of 610 and 195566.
122
Calculate the greatest common factor of 605 and 165330.
55
Calculate the highest common factor of 830804 and 1352.
676
What is the greatest common factor of 363 and 178233?
363
What is the highest common factor of 4977080 and 8?
8
Calculate the highest common factor of 77314 and 372.
62
Calculate the greatest common factor of 245 and 869211.
49
Calculate the greatest common factor of 250 and 277625.
125
What is the greatest common factor of 12787 and 7?
1
Calculate the greatest common divisor of 3485 and 3995.
85
What is the highest common factor of 212 and 22949?
53
Calculate the highest common factor of 9301 and 27619.
71
What is the greatest common factor of 89001 and 186?
93
Calculate the greatest common divisor of 412048 and 283.
283
What is the greatest common divisor of 77 and 338611?
7
Calculate the highest common factor of 20517 and 595.
7
What is the greatest common divisor of 59353 and 11102?
427
What is the greatest common factor of 6642 and 19575?
27
Calculate the greatest common factor of 172129 and 43.
43
Calculate the highest common divisor of 176 and 131428.
44
What is the highest common divisor of 16835 and 728?
91
Calculate the greatest common divisor of 314 and 901651.
157
What is the highest common factor of 2300 and 659755?
115
What is the greatest common factor of 248623 and 2120?
53
What is the highest common divisor of 5200 and 446160?
1040
Calculate the greatest common divisor of 3807 and 22936.
47
What is the greatest common divisor of 154049 and 329?
7
What is the highest common divisor of 97 and 195649?
97
Calculate the highest common factor of 14848 and 32768.
512
What is the highest common factor of 2424 and 278457?
303
Calculate the highest common divisor of 1432 and 45544.
8
Calculate the greatest common divisor of 4328 and 104.
8
Calculate the highest common factor of 63 and 9378.
9
Calculate the highest common factor of 15386 a